157 = -0*s + 4*s. What is the remainder when v(-8) is divided by s?
38
Suppose 4*k - 13 = -a, 57*k - 58*k + 52 = 4*a. Let f be ((-2)/4)/(2/(-20)). Let r = 9 - f. What is the remainder when a is divided by r?
1
Suppose 0 = 3*i + 4*k - 223, 5*k = -10 - 15. Suppose -4*y + 3 = -1, -2*b - 5*y = -i. What is the remainder when b is divided by 10?
8
Let r = -1221 + 1263. What is the remainder when 125 is divided by r?
41
Suppose -4*n = -2*j - 112, 85 = -0*n + 3*n - 2*j. Suppose 0 = 5*q + t - 256, 2*t - n - 121 = -3*q. Calculate the remainder when q is divided by 14.
10
Suppose -j + t - 69 = -6*j, 0 = -2*t + 8. What is the remainder when 240 is divided by j?
6
Suppose 15*y = 10*y + 400. Suppose -2*w = -2*k + 52, -k + 6*w = w - 6. Suppose 2*x = k + 23. Calculate the remainder when y is divided by x.
26
What is the remainder when (5/(-2))/(25/(-950)) is divided by 26?
17
Let g be -2*1 + 4 + 0. Suppose -n = -g*n + 34. What is the remainder when n is divided by ((-18)/(-7))/((-11)/((-616)/12))?
10
Suppose 0*u + 5 = -5*u, -2*u - 5577 = -5*v. Calculate the remainder when v/15 - 8/(-12) is divided by 20.
15
Suppose 2*d + 4*p - 98 = 0, 2*d = 5*p + 122 - 33. Calculate the remainder when 65 is divided by d.
18
Let q(z) = -8*z**2 + 3*z - 1. Let i be q(1). Let f(m) = -3*m**3 - 10*m**2 + 30*m. What is the remainder when f(i) is divided by 31?
15
Calculate the remainder when 118 + -1 + -2 + 4 is divided by 43.
33
Let l(y) = -10*y + 4. Let n be l(-3). Suppose s = -2*x + 34, 2 - n = -2*x - 2*s. What is the remainder when 51 is divided by x?
15
Suppose -120 = -15*l + 225. Calculate the remainder when 45 is divided by l.
22
Suppose 2*j + 36 - 12 = 0. Let s be (-121)/(-4) + 3/j. Suppose 7*z = 2*z + s. Calculate the remainder when 21 is divided by z.
3
Suppose -5*r = -6*r + 1. Let k(g) = -44*g + 11*g - 18*g - r. Calculate the remainder when k(-1) is divided by 13.
11
Let b = 456 + 102. What is the remainder when b is divided by 17?
14
Let f be 1/(-5) - 1552/40. Let x = f + 7. Let c = -9 - x. What is the remainder when 89 is divided by c?
20
Calculate the remainder when (-134)/(-201) + 20/9*15 is divided by 13.
8
What is the remainder when 261 is divided by 16 - -13 - (-6)/2?
5
Suppose -26*n + 197 = -22*n + 3*b, -b = -n + 51. Let o(j) = j**2 + 5*j + 3. Let y be o(6). Let k = y - 43. What is the remainder when n is divided by k?
24
Suppose -3*i + 12 + 3 = 0, -3*a + 256 = 5*i. Calculate the remainder when 153 is divided by a.
76
Suppose -3*l + 21 = -15. Suppose 6*a = 5*a + 5. Suppose -10*w + a*w + 230 = 0. Calculate the remainder when w is divided by l.
10
Suppose 5*p = -4*p + 441. Let s = 34 + -1. Let o = s + -20. Calculate the remainder when p is divided by o.
10
Suppose -v = -8 - 11. Suppose 3*h - 7 - 8 = 0. Suppose -222 = -g - h*g. What is the remainder when g is divided by v?
18
Let r = -575 - -578. Calculate the remainder when 17 is divided by r.
2
Let m(y) = -26*y - 124. Let b be 0*1*1/2. Suppose -z = -g - b*z, g - 4*z = -6. Calculate the remainder when m(-5) is divided by g.
0
Let a = -17 + 17. Suppose a*g - 5*g - 5 = 0. Calculate the remainder when 16*(5 + (-2 - g)) is divided by 22.
20
Let z(y) = -2*y + 75. Let p be z(0). Let n = p + -32. Suppose -2*b + 38 = -2*q, -2*q + 42 + 58 = 4*b. What is the remainder when n is divided by b?
20
Let h(r) = -r**2 + 6*r + 2. Let m be h(3). Let t = 20 - m. Suppose -3*o = -y, 4*y + o + 0*o - 26 = 0. Calculate the remainder when t is divided by y.
3
Let d = 4 - 1. Let s be ((-2)/d)/((-3)/9). Suppose -5*r + 61 = t - 37, t + 42 = s*r. What is the remainder when r is divided by 11?
9
Suppose 4*w + 5*u - 28 = 0, 5*u + 3 + 18 = 3*w. Let d = w - -6. Calculate the remainder when 37 is divided by d.
11
Let v = 473 + -347. What is the remainder when v is divided by 31?
2
Let y = -2512 - -2542. What is the remainder when 172 is divided by y?
22
Let n = 51 - -20. Let t(v) = 3*v. Let q(y) = y + 1. Let x(b) = -12*q(b) + 3*t(b). What is the remainder when n is divided by x(-10)?
17
Let j(r) = -2*r**2 - 2*r + 1. Let x be j(-2). Let z be (x - 1) + 0 + 1. Let p(g) = -5*g - 2. Calculate the remainder when 36 is divided by p(z).
10
Let m = 3386 - 3377. Calculate the remainder when 968 is divided by m.
5
Let n(p) = 19*p - 110. What is the remainder when 23 is divided by n(6)?
3
Let c(b) = b**2 - 22*b + 130. What is the remainder when 817 is divided by c(13)?
11
Let d = -354 - -1017. Calculate the remainder when d is divided by 19.
17
Let y = -45 + 53. Suppose -4*k + 87 = -y*j + 3*j, 4*k + 3*j - 63 = 0. Let g(b) = -b**3 + 5*b**2 - b - 1. Calculate the remainder when k is divided by g(4).
7
Let c(h) = 4*h - 1. Suppose -6*p = -3*p - 27. What is the remainder when (20/(-6))/((-6)/p) is divided by c(1)?
2
Suppose 0 = 5*h - 4*t - 123, 3*h = 5*h + t - 44. Calculate the remainder when h is divided by 9.
5
Suppose -4 = -2*a - 7*b + 2*b, 0 = 2*a + 2*b + 2. Calculate the remainder when 64 is divided by (-44)/14*(-4 + -6 - a).
20
Suppose -o - 5*l = 2*o - 32, -4 = -2*o + l. Suppose o*c + 0*q + 5*q - 46 = 0, q - 2 = 0. Calculate the remainder when 72 is divided by 4*-1 + (c - -20).
22
Suppose 115 = 14*d - 165. What is the remainder when 159 is divided by d?
19
Let g(w) = 4*w**2 + 5*w + 3. Let z be g(-3). Suppose -6*m + 2*m + z = 0. What is the remainder when 52 is divided by (-2)/m - (-165)/9?
16
Suppose 5*f + 11 = 2*a, 24*f - 19*f = -2*a + 1. What is the remainder when a is divided by 1?
0
Let s(u) = -19*u. Suppose 6*a = 3*a - 8055. Calculate the remainder when a/(-75) - 1/(-5) is divided by s(-1).
17
Let y(u) be the first derivative of -u**4/4 - u**3 + 4*u**2 + 5*u - 10. Calculate the remainder when 28 is divided by y(-5).
13
Let y = -14 - -20. Suppose y*p = 2*p + 8, 2*f = 4*p. Let k = 21 + f. What is the remainder when k is divided by 7?
4
Let l(i) = -3*i + 107. Let p = -72 - -101. What is the remainder when p is divided by l(29)?
9
Suppose -r = -5*n + 54, -3*r + 26 = n - 7*r. Suppose -490 - 1334 = -32*z. What is the remainder when z is divided by n?
7
Suppose -3 = l + 11. Let k = -10 - l. Let m = 25 - 14. Calculate the remainder when m is divided by k.
3
Suppose -47*l = -48*l + 288. Calculate the remainder when l is divided by 49.
43
Let s(f) = 155*f. Let t be (9/(180/(-16)))/(2/(-5)). Suppose -g - 4*r = -r - 27, -8 = t*r. What is the remainder when s(1) is divided by g?
38
Let w = -218 - -288. What is the remainder when 136 is divided by w?
66
Suppose 119*b - 114*b = 600. Let i = -22 + 48. Let d = b - i. What is the remainder when d is divided by 24?
22
Suppose q - 3 = 2*d, 4*q + 5 - 14 = 5*d. Let k = -1 + 7. What is the remainder when -3*(-92)/k - d is divided by 12?
11
Let j be (-130)/(-1) - 10/5. Suppose -11*b + 15*b - j = 0. What is the remainder when 59 is divided by b?
27
Suppose 0 = -22*t + 20*t + 138. Let g = 76 - t. Calculate the remainder when 17 is divided by g.
3
Let l(o) = 2*o**2 + 22*o + 46. Calculate the remainder when l(-10) is divided by 23.
3
Let o be 64*((-3)/(-2) - 2). Let c = 23 + o. Let r = c + 12. Calculate the remainder when 6 is divided by r.
0
Let y be (3/(-3) - 3)/(-1). Suppose -m = -y*m + 858. Suppose m = 5*z - 134. What is the remainder when z is divided by 29?
26
Let k = 827 + -711. Calculate the remainder when k is divided by 36.
8
Suppose -96*q = -68*q - 616. What is the remainder when 613 is divided by q?
19
Calculate the remainder when 305 is divided by 13 - (-3 - (-8 - -6)).
11
Suppose -3*f + 1 = 13. Let u(n) = -3*n + 23. Calculate the remainder when u(f) is divided by 6.
5
Suppose 3*w - 2*m + 0*m = 31, 5*m + 46 = 3*w. Let c(v) = 103*v - 186. What is the remainder when c(2) is divided by w?
6
Let i(w) = w**3 - 27*w**2 + 29*w - 66. Calculate the remainder when 217 is divided by i(26).
1
Suppose d + 5*m = 44, 8*m + 6 = -d + 13*m. Suppose -2*b + 7 = -13. Calculate the remainder when d is divided by b.
9
Let c(o) = o**3 + 7*o**2 + 9*o + 79. Calculate the remainder when 125 is divided by c(-6).
3
Let u be ((-2)/6)/((0 + -4)/24). Suppose s - t = 141 + 19, -312 = -u*s - 2*t. Calculate the remainder when s is divided by 53.
52
Suppose 5*o = -0*a - a - 22, 4*a = -3*o - 3. Calculate the remainder when 93 is divided by a*16/4*2.
21
Let r be 0 + -3 + -102 - 1. Let q = 187 + r. Let w = -43 + q. Calculate the remainder when w is divid